hat is -20 - 101002?
-101022
In base 5, what is 434444 + -10?
434434
In base 11, what is 1 - -158a7?
158a8
In base 15, what is 3aac + -1?
3aab
In base 12, what is -4 - -a800?
a7b8
In base 11, what is -3 + -63a0?
-63a3
In base 11, what is 0 + -169173?
-169173
In base 9, what is -5 - 755486?
-755502
In base 9, what is 3622 - -1?
3623
In base 11, what is 72a36 + 4?
72a3a
In base 11, what is 306 - 1133?
-928
In base 8, what is 3131 + 575?
3726
In base 12, what is 15a5 + -55?
1550
In base 6, what is -4301 + -3321?
-12022
In base 6, what is -225 + -11?
-240
In base 6, what is -31 - 10315521?
-10315552
In base 5, what is -43244 - -3?
-43241
In base 12, what is 3 + 58828?
5882b
In base 11, what is 646a93 - 5?
646a89
In base 14, what is -d - -5499?
548a
In base 10, what is -199955 + 4?
-199951
In base 9, what is -1514 - -141?
-1363
In base 12, what is 33783 + 1?
33784
In base 8, what is 66656 + -1?
66655
In base 9, what is 10467 + 171?
10648
In base 11, what is -1a5 - 275?
-46a
In base 13, what is -4 - 11b7?
-11bb
In base 9, what is 20564 - -25?
20600
In base 2, what is -111000101011100001010 - -101?
-111000101011100000101
In base 5, what is 224 - 121?
103
In base 16, what is 1 + 17ca?
17cb
In base 14, what is 5 + a4c?
a53
In base 16, what is -58fe9 + 2?
-58fe7
In base 15, what is 2 - 6b5a7?
-6b5a5
In base 2, what is -1100010001 - 111101111?
-10100000000
In base 16, what is 3 + -251?
-24e
In base 7, what is -1020 + -121234?
-122254
In base 7, what is -444 - 36641?
-40415
In base 14, what is 18c3 + 11?
18d4
In base 8, what is 1 + -216552?
-216551
In base 14, what is 4216 - -113?
4329
In base 3, what is 0 - 211022100?
-211022100
In base 14, what is -697 + 13b?
-55a
In base 6, what is 5 + -34441?
-34432
In base 9, what is 38 - 1813?
-1764
In base 12, what is ba69b + -1?
ba69a
In base 10, what is 0 + -15074?
-15074
In base 7, what is 4 - 10500010?
-10500003
In base 11, what is 0 + -228759?
-228759
In base 15, what is 1 - -8639?
863a
In base 11, what is -55856 - -74?
-55792
In base 11, what is 305361 - -4?
305365
In base 2, what is -100000 - -1000111010010?
1000110110010
In base 11, what is 1 + -288900?
-2888aa
In base 6, what is -50514 + 0?
-50514
In base 16, what is -13db4 + e?
-13da6
In base 15, what is -3 + 4c?
49
In base 9, what is -50 - -444?
384
In base 7, what is -112 - 304?
-416
In base 15, what is -7865 + -5?
-786a
In base 7, what is -25126 + 5?
-25121
In base 5, what is 0 + -1233000?
-1233000
In base 4, what is -112230112 + 10?
-112230102
In base 6, what is -1205 - 311?
-1520
In base 13, what is 2 - b9a95?
-b9a93
In base 13, what is -a279 + -151?
-a3ca
In base 10, what is 1908 - 879?
1029
In base 10, what is 4 + 228703?
228707
In base 15, what is -1 + 355e?
355d
In base 6, what is -42 - 215330?
-215412
In base 5, what is -121121111 - 0?
-121121111
In base 7, what is -45262 + -6?
-45301
In base 5, what is -2 + 2044123?
2044121
In base 7, what is -13241 - 0?
-13241
In base 15, what is -a7 + -3c0c?
-3cb4
In base 15, what is d1ab3 - 1?
d1ab2
In base 16, what is bb1 + 187?
d38
In base 11, what is -248820 - 0?
-248820
In base 16, what is -6 - -6295?
628f
In base 2, what is -10011110111 - -101010?
-10011001101
In base 5, what is 3120 + 4114?
12234
In base 7, what is -13041 + -13?
-13054
In base 12, what is -219 + 1322?
1105
In base 4, what is 102 - 310202210?
-310202102
In base 4, what is 10113 - -2331?
13110
In base 4, what is -22300011102 + 0?
-22300011102
In base 9, what is 2 - -13473?
13475
In base 13, what is a + 12c?
139
In base 16, what is -8c9b4 - -a?
-8c9aa
In base 16, what is -50 + 9790?
9740
In base 7, what is -112353 - -141?
-112212
In base 8, what is 507 - -656?
1365
In base 3, what is -12100012101 + -10?
-12100012111
In base 9, what is 156 - -106?
263
In base 2, what is 1000001 + 10011000111?
10100001000
In base 5, what is -34241104 + -2?
-34241111
In base 2, what is -110101010001010 - -1000?
-110101010000010
In base 6, what is -3323024 - 1?
-3323025
In base 15, what is -c + 9b2?
9a5
In base 12, what is 6130 + b?
613b
In base 14, what is 45 - 530?
-4c9
In base 16, what is 173 - -1418?
158b
In base 16, what is 15 + -247a?
-2465
In base 11, what is 35083 - 1?
35082
In base 16, what is 22 - -4a00?
4a22
In base 4, what is 20 + -1101213110?
-1101213030
In base 14, what is 378d1 + 4?
378d5
In base 16, what is -1 - -7e6?
7e5
In base 2, what is -1 + -110111010011011?
-110111010011100
In base 2, what is 11101000 - -110?
11101110
In base 16, what is 40 - 29d?
-25d
In base 5, what is -214 + 130111?
124342
In base 7, what is 6 - 103316?
-103310
In base 2, what is 11 - 10011000000011?
-10011000000000
In base 5, what is 30 - -12422?
13002
In base 11, what is -1669930 + 3?
-1669928
In base 15, what is 5ee + 54?
653
In base 6, what is -252533 + 0?
-252533
In base 10, what is 382052 - 3?
382049
In base 6, what is 532 - -11342?
12314
In base 5, what is 4223024 - 1?
4223023
In base 2, what is -10101000101 - 101101111?
-11010110100
In base 8, what is 377 - 655?
-256
In base 13, what is -6 - 2985a?
-29863
In base 4, what is -10 - -1102032?
1102022
In base 15, what is 2 - -8d61?
8d63
In base 6, what is 520 - 521?
-1
In base 13, what is -1c17 - 9?
-1c23
In base 4, what is 10020311301 - -3?
10020311310
In base 11, what is -5 + -875620?
-875625
In base 6, what is -25 + 21041?
21012
In base 14, what is 981 - -6?
987
In base 4, what is -202 - 2003210?
-2010012
In base 10, what is 455 - -26?
481
In base 3, what is -1 + 2010010021?
2010010020
In base 8, what is -3355 - -2747?
-406
In base 3, what is -211221 + 21?
-211200
In base 10, what is 836 - -27?
863
In base 6, what is 2334 - -11?
2345
In base 10, what is -429857 + -3?
-429860
In base 4, what is -2120030030 - -2?
-2120030022
In base 8, what is 4 - -26636?
26642
In base 8, what is -3627726 + 1?
-3627725
In base 9, what is -4 + 241814?
241810
In base 14, what is 352b4 - -3?
352b7
In base 16, what is 3c - 3dc?
-3a0
In base 6, what is -4 - 331122?
-331130
In base 13, what is -2b1a + -4?
-2b21
In base 15, what is -e2bd - -2?
-e2bb
In base 4, what is 12 + 1102300?
1102312
In base 4, what is -23331 + 32?
-23233
In base 15, what is 1d6d7 + 3?
1d6da
In base 16, what is -11 + -2580?
-2591
In base 16, what is -d4 + -a02?
-ad6
In base 16, what is -5 + -109b?
-10a0
In base 14, what is 46 + -39a?
-354
In base 5, what is 3124004 + 23?
3124032
In base 4, what is 1103 - 310?
133
In base 4, what is 110232220 + -1?
110232213
In base 15, what is 4c + -379?
-32c
In base 9, what is 14 + 3468?
3483
In base 3, what is 1012020 + 1220?
1021010
In base 8, what is 1643 - 403?
1240
In base 2, what is 100000 + 101000001001?
101000101001
In base 3, what is -21 - -1110122?
1110101
In base 10, what is 8 - -5446?
5454
In base 8, what is -5720621 - 3?
-5720624
In base 3, what is -2201102 - -11?
-2201021
In base 11, what is 21 - 2880?
-285a
In base 7, what is -6545 + -3?
-6551
In base 7, what is -30 - 13013?
-13043
In base 2, what is -11111000101 + 10111?
-11110101110
In base 12, what is -2a470 + 4?
-2a468
In base 12, what is -31044 - -7?
-31039
In base 4, what is 212103 - 31?
212012
In base 15, what is 68 - 2e9?
-281
In base 12, what is -208 - 252?
-45a
In base 6, what is 120 + 24310?
24430
In base 12, what is -40 - -22?
-1a
In base 5, what is -21 - -13344322?
13344301
In base 3, what is -2010022100 + 1?
-2010022022
In base 5, what is -42224 - -13?
-42211
In base 14, what is -2 - -15395a?
153958
In base 10, what is 512 - -117?
629
In base 5, what is -1013 + -1041133?
-1042201
In base 9, what is -23787 + -1?
-23788
In base 3, what is 11 + -222201200?
-222201112
In base 14, what is 5 - -16cd1b?
16cd22
In base 10, what is 2340 - -26?
2366
In base 15, what is 43 + 5aed?
5b41
In base 3, what is -1000212 + 222?
-222220
In base 7, what is 1 - 66515?
-66514
In base 9, what is 10737 + -30?
10707
In base 14, what is -6 + 1391?
1389
In base 15, what is 434 - 41?
3e3
In base 8, what is -72004 - 4?
-72010
In base 9, what is -453275 + -3?
-453278
In base 15, what is 2431 + 4?
2435
In base 5, what is 4204323 + 0?
4204323
In base 2, what is -1101011000 + -1110011000?
-11011110000
In base 12, what is -2b - -5027?
4bb8
In base 11, what is -561a78 + 3?
-561a75
In base 5, what is -3302 + -143024?
-201331
In base 11, what is -30a - 257?
-566
In base 4, what is 20